    
{"version":"1.0","provider_name":"Abenex","provider_url":"https:\/\/www.abenex.com\/fr\/","title":"Patrice Verrier | Abenex","type":"rich","width":600,"height":338,"html":"<blockquote class=\"wp-embedded-content\" data-secret=\"pZTeg9pgK8\"><a href=\"https:\/\/www.abenex.com\/fr\/team\/patrice-verrier\/\">Patrice Verrier<\/a><\/blockquote><iframe sandbox=\"allow-scripts\" security=\"restricted\" src=\"https:\/\/www.abenex.com\/fr\/team\/patrice-verrier\/embed\/#?secret=pZTeg9pgK8\" width=\"600\" height=\"338\" title=\"\u00ab\u00a0Patrice Verrier\u00a0\u00bb &#8212; Abenex\" data-secret=\"pZTeg9pgK8\" frameborder=\"0\" marginwidth=\"0\" marginheight=\"0\" scrolling=\"no\" class=\"wp-embedded-content\"><\/iframe><script>\n\/*! This file is auto-generated *\/\n!function(d,l){\"use strict\";l.querySelector&&d.addEventListener&&\"undefined\"!=typeof URL&&(d.wp=d.wp||{},d.wp.receiveEmbedMessage||(d.wp.receiveEmbedMessage=function(e){var t=e.data;if((t||t.secret||t.message||t.value)&&!\/[^a-zA-Z0-9]\/.test(t.secret)){for(var s,r,n,a=l.querySelectorAll('iframe[data-secret=\"'+t.secret+'\"]'),o=l.querySelectorAll('blockquote[data-secret=\"'+t.secret+'\"]'),c=new RegExp(\"^https?:$\",\"i\"),i=0;i<o.length;i++)o[i].style.display=\"none\";for(i=0;i<a.length;i++)s=a[i],e.source===s.contentWindow&&(s.removeAttribute(\"style\"),\"height\"===t.message?(1e3<(r=parseInt(t.value,10))?r=1e3:~~r<200&&(r=200),s.height=r):\"link\"===t.message&&(r=new URL(s.getAttribute(\"src\")),n=new URL(t.value),c.test(n.protocol))&&n.host===r.host&&l.activeElement===s&&(d.top.location.href=t.value))}},d.addEventListener(\"message\",d.wp.receiveEmbedMessage,!1),l.addEventListener(\"DOMContentLoaded\",function(){for(var e,t,s=l.querySelectorAll(\"iframe.wp-embedded-content\"),r=0;r<s.length;r++)(t=(e=s[r]).getAttribute(\"data-secret\"))||(t=Math.random().toString(36).substring(2,12),e.src+=\"#?secret=\"+t,e.setAttribute(\"data-secret\",t)),e.contentWindow.postMessage({message:\"ready\",secret:t},\"*\")},!1)))}(window,document);\n\/\/# sourceURL=https:\/\/www.abenex.com\/wp-includes\/js\/wp-embed.min.js\n<\/script>\n","thumbnail_url":"https:\/\/www.abenex.com\/wp-content\/uploads\/2022\/09\/021Patrice.jpg","thumbnail_width":800,"thumbnail_height":944,"description":"Patrice est Associ\u00e9-G\u00e9rant chez Abenex. Il est l\u2019un des fondateurs d\u2019Abenex ayant particip\u00e9 au rachat avec effet de levier de la soci\u00e9t\u00e9 aupr\u00e8s de la banque ABN AMRO. Patrice est d\u2019origine canadienne. Il a d\u00e9but\u00e9 sa carri\u00e8re au Qu\u00e9bec en tant que comptable agr\u00e9\u00e9 (mission d\u2019audit et de conseil en fiscalit\u00e9) avant d\u2019effectuer des missions [&hellip;]"}

Patrice est Associé-Gérant chez Abenex. Il est l’un des fondateurs d’Abenex ayant participé au rachat avec effet de levier de la société auprès de la banque ABN AMRO. Patrice est d’origine canadienne. Il a débuté sa carrière au Québec en tant que comptable agréé (mission d’audit et de conseil en fiscalité) avant d’effectuer des missions [&hellip;]
