    
{"id":14525,"date":"2025-07-17T10:47:31","date_gmt":"2025-07-17T08:47:31","guid":{"rendered":"https:\/\/www.abenex.com\/?post_type=actifs&#038;p=14525"},"modified":"2025-07-23T17:43:48","modified_gmt":"2025-07-23T15:43:48","slug":"84-charles-lafitte","status":"publish","type":"actifs","link":"https:\/\/www.abenex.com\/fr\/actifs\/84-charles-lafitte\/","title":{"rendered":"84 Charles Laffitte"},"content":{"rendered":"<p data-start=\"81\" data-end=\"328\">Actif situ\u00e9 au 84 rue Charles Laffitte \u00e0 Neuilly-sur-Seine.\u00a0 Cet ensemble immobilier r\u00e9sidentiel de style Art D\u00e9co, construit en 1936, d\u00e9veloppe plus de 2 800 m\u00b2 r\u00e9partis sur six niveaux. L&rsquo;actif b\u00e9n\u00e9ficie d&rsquo;une excellente desserte en transports en commun gr\u00e2ce \u00e0 sa proximit\u00e9 imm\u00e9diate avec la ligne de m\u00e9tro 1.\u00a0 Construit en 1936, il fera l\u2019objet d\u2019un programme de repositionnement pour r\u00e9pondre \u00e0 la forte demande de logements familiaux<\/p>\n","protected":false},"featured_media":14526,"template":"","meta":[],"tags":[],"actif-strategy":[84],"actif-statut":[89],"class_list":["post-14525","actifs","type-actifs","status-publish","has-post-thumbnail","hentry","actif-strategy-value-add","actif-statut-en-portefeuille"],"acf":[],"yoast_head":"<!-- This site is optimized with the Yoast SEO plugin v27.1.1 - https:\/\/yoast.com\/product\/yoast-seo-wordpress\/ -->\n<title>84 Charles Laffitte | Abenex<\/title>\n<meta name=\"robots\" content=\"index, follow, max-snippet:-1, max-image-preview:large, max-video-preview:-1\" \/>\n<link rel=\"canonical\" href=\"https:\/\/www.abenex.com\/fr\/actifs\/84-charles-lafitte\/\" \/>\n<meta property=\"og:locale\" content=\"fr_FR\" \/>\n<meta property=\"og:type\" content=\"article\" \/>\n<meta property=\"og:title\" content=\"84 Charles Laffitte | Abenex\" \/>\n<meta property=\"og:description\" content=\"Actif situ\u00e9 au 84 rue Charles Laffitte \u00e0 Neuilly-sur-Seine.\u00a0 Cet ensemble immobilier r\u00e9sidentiel de style Art D\u00e9co, construit en 1936, d\u00e9veloppe plus de 2 800 m\u00b2 r\u00e9partis sur six niveaux. L&rsquo;actif b\u00e9n\u00e9ficie d&rsquo;une excellente desserte en transports en commun gr\u00e2ce \u00e0 sa proximit\u00e9 imm\u00e9diate avec la ligne de m\u00e9tro 1.\u00a0 Construit en 1936, il fera [&hellip;]\" \/>\n<meta property=\"og:url\" content=\"https:\/\/www.abenex.com\/fr\/actifs\/84-charles-lafitte\/\" \/>\n<meta property=\"og:site_name\" content=\"Abenex\" \/>\n<meta property=\"article:modified_time\" content=\"2025-07-23T15:43:48+00:00\" \/>\n<meta property=\"og:image\" content=\"https:\/\/www.abenex.com\/wp-content\/uploads\/2025\/07\/Abenex-REIM-Neuilly-2-scaled.jpg\" \/>\n\t<meta property=\"og:image:width\" content=\"2560\" \/>\n\t<meta property=\"og:image:height\" content=\"1431\" \/>\n\t<meta property=\"og:image:type\" content=\"image\/jpeg\" \/>\n<meta name=\"twitter:card\" content=\"summary_large_image\" \/>\n<meta name=\"twitter:label1\" content=\"Dur\u00e9e de lecture estim\u00e9e\" \/>\n\t<meta name=\"twitter:data1\" content=\"1 minute\" \/>\n<script type=\"application\/ld+json\" class=\"yoast-schema-graph\">{\"@context\":\"https:\/\/schema.org\",\"@graph\":[{\"@type\":\"WebPage\",\"@id\":\"https:\/\/www.abenex.com\/fr\/actifs\/84-charles-lafitte\/\",\"url\":\"https:\/\/www.abenex.com\/fr\/actifs\/84-charles-lafitte\/\",\"name\":\"84 Charles Laffitte | Abenex\",\"isPartOf\":{\"@id\":\"https:\/\/www.abenex.com\/#website\"},\"primaryImageOfPage\":{\"@id\":\"https:\/\/www.abenex.com\/fr\/actifs\/84-charles-lafitte\/#primaryimage\"},\"image\":{\"@id\":\"https:\/\/www.abenex.com\/fr\/actifs\/84-charles-lafitte\/#primaryimage\"},\"thumbnailUrl\":\"https:\/\/www.abenex.com\/wp-content\/uploads\/2025\/07\/Abenex-REIM-Neuilly-2-scaled.jpg\",\"datePublished\":\"2025-07-17T08:47:31+00:00\",\"dateModified\":\"2025-07-23T15:43:48+00:00\",\"breadcrumb\":{\"@id\":\"https:\/\/www.abenex.com\/fr\/actifs\/84-charles-lafitte\/#breadcrumb\"},\"inLanguage\":\"fr-FR\",\"potentialAction\":[{\"@type\":\"ReadAction\",\"target\":[\"https:\/\/www.abenex.com\/fr\/actifs\/84-charles-lafitte\/\"]}]},{\"@type\":\"ImageObject\",\"inLanguage\":\"fr-FR\",\"@id\":\"https:\/\/www.abenex.com\/fr\/actifs\/84-charles-lafitte\/#primaryimage\",\"url\":\"https:\/\/www.abenex.com\/wp-content\/uploads\/2025\/07\/Abenex-REIM-Neuilly-2-scaled.jpg\",\"contentUrl\":\"https:\/\/www.abenex.com\/wp-content\/uploads\/2025\/07\/Abenex-REIM-Neuilly-2-scaled.jpg\",\"width\":2560,\"height\":1431,\"caption\":\"Abenex REIM - Neuilly\"},{\"@type\":\"BreadcrumbList\",\"@id\":\"https:\/\/www.abenex.com\/fr\/actifs\/84-charles-lafitte\/#breadcrumb\",\"itemListElement\":[{\"@type\":\"ListItem\",\"position\":1,\"name\":\"Accueil\",\"item\":\"https:\/\/www.abenex.com\/fr\/\"},{\"@type\":\"ListItem\",\"position\":2,\"name\":\"84 Charles Laffitte\"}]},{\"@type\":\"WebSite\",\"@id\":\"https:\/\/www.abenex.com\/#website\",\"url\":\"https:\/\/www.abenex.com\/\",\"name\":\"Abenex - Investing with purpose\",\"description\":\"Investing with purpose\",\"publisher\":{\"@id\":\"https:\/\/www.abenex.com\/#organization\"},\"potentialAction\":[{\"@type\":\"SearchAction\",\"target\":{\"@type\":\"EntryPoint\",\"urlTemplate\":\"https:\/\/www.abenex.com\/?s={search_term_string}\"},\"query-input\":{\"@type\":\"PropertyValueSpecification\",\"valueRequired\":true,\"valueName\":\"search_term_string\"}}],\"inLanguage\":\"fr-FR\"},{\"@type\":\"Organization\",\"@id\":\"https:\/\/www.abenex.com\/#organization\",\"name\":\"Abenex - Investing with purpose\",\"url\":\"https:\/\/www.abenex.com\/\",\"logo\":{\"@type\":\"ImageObject\",\"inLanguage\":\"fr-FR\",\"@id\":\"https:\/\/www.abenex.com\/#\/schema\/logo\/image\/\",\"url\":\"https:\/\/www.abenex.com\/wp-content\/uploads\/2023\/05\/FULL-LOGO-NOIR-BLEU-1.svg\",\"contentUrl\":\"https:\/\/www.abenex.com\/wp-content\/uploads\/2023\/05\/FULL-LOGO-NOIR-BLEU-1.svg\",\"width\":166,\"height\":34,\"caption\":\"Abenex - Investing with purpose\"},\"image\":{\"@id\":\"https:\/\/www.abenex.com\/#\/schema\/logo\/image\/\"}}]}<\/script>\n<!-- \/ Yoast SEO plugin. -->","yoast_head_json":{"title":"84 Charles Laffitte | Abenex","robots":{"index":"index","follow":"follow","max-snippet":"max-snippet:-1","max-image-preview":"max-image-preview:large","max-video-preview":"max-video-preview:-1"},"canonical":"https:\/\/www.abenex.com\/fr\/actifs\/84-charles-lafitte\/","og_locale":"fr_FR","og_type":"article","og_title":"84 Charles Laffitte | Abenex","og_description":"Actif situ\u00e9 au 84 rue Charles Laffitte \u00e0 Neuilly-sur-Seine.\u00a0 Cet ensemble immobilier r\u00e9sidentiel de style Art D\u00e9co, construit en 1936, d\u00e9veloppe plus de 2 800 m\u00b2 r\u00e9partis sur six niveaux. L&rsquo;actif b\u00e9n\u00e9ficie d&rsquo;une excellente desserte en transports en commun gr\u00e2ce \u00e0 sa proximit\u00e9 imm\u00e9diate avec la ligne de m\u00e9tro 1.\u00a0 Construit en 1936, il fera [&hellip;]","og_url":"https:\/\/www.abenex.com\/fr\/actifs\/84-charles-lafitte\/","og_site_name":"Abenex","article_modified_time":"2025-07-23T15:43:48+00:00","og_image":[{"width":2560,"height":1431,"url":"https:\/\/www.abenex.com\/wp-content\/uploads\/2025\/07\/Abenex-REIM-Neuilly-2-scaled.jpg","type":"image\/jpeg"}],"twitter_card":"summary_large_image","twitter_misc":{"Dur\u00e9e de lecture estim\u00e9e":"1 minute"},"schema":{"@context":"https:\/\/schema.org","@graph":[{"@type":"WebPage","@id":"https:\/\/www.abenex.com\/fr\/actifs\/84-charles-lafitte\/","url":"https:\/\/www.abenex.com\/fr\/actifs\/84-charles-lafitte\/","name":"84 Charles Laffitte | Abenex","isPartOf":{"@id":"https:\/\/www.abenex.com\/#website"},"primaryImageOfPage":{"@id":"https:\/\/www.abenex.com\/fr\/actifs\/84-charles-lafitte\/#primaryimage"},"image":{"@id":"https:\/\/www.abenex.com\/fr\/actifs\/84-charles-lafitte\/#primaryimage"},"thumbnailUrl":"https:\/\/www.abenex.com\/wp-content\/uploads\/2025\/07\/Abenex-REIM-Neuilly-2-scaled.jpg","datePublished":"2025-07-17T08:47:31+00:00","dateModified":"2025-07-23T15:43:48+00:00","breadcrumb":{"@id":"https:\/\/www.abenex.com\/fr\/actifs\/84-charles-lafitte\/#breadcrumb"},"inLanguage":"fr-FR","potentialAction":[{"@type":"ReadAction","target":["https:\/\/www.abenex.com\/fr\/actifs\/84-charles-lafitte\/"]}]},{"@type":"ImageObject","inLanguage":"fr-FR","@id":"https:\/\/www.abenex.com\/fr\/actifs\/84-charles-lafitte\/#primaryimage","url":"https:\/\/www.abenex.com\/wp-content\/uploads\/2025\/07\/Abenex-REIM-Neuilly-2-scaled.jpg","contentUrl":"https:\/\/www.abenex.com\/wp-content\/uploads\/2025\/07\/Abenex-REIM-Neuilly-2-scaled.jpg","width":2560,"height":1431,"caption":"Abenex REIM - Neuilly"},{"@type":"BreadcrumbList","@id":"https:\/\/www.abenex.com\/fr\/actifs\/84-charles-lafitte\/#breadcrumb","itemListElement":[{"@type":"ListItem","position":1,"name":"Accueil","item":"https:\/\/www.abenex.com\/fr\/"},{"@type":"ListItem","position":2,"name":"84 Charles Laffitte"}]},{"@type":"WebSite","@id":"https:\/\/www.abenex.com\/#website","url":"https:\/\/www.abenex.com\/","name":"Abenex - Investing with purpose","description":"Investing with purpose","publisher":{"@id":"https:\/\/www.abenex.com\/#organization"},"potentialAction":[{"@type":"SearchAction","target":{"@type":"EntryPoint","urlTemplate":"https:\/\/www.abenex.com\/?s={search_term_string}"},"query-input":{"@type":"PropertyValueSpecification","valueRequired":true,"valueName":"search_term_string"}}],"inLanguage":"fr-FR"},{"@type":"Organization","@id":"https:\/\/www.abenex.com\/#organization","name":"Abenex - Investing with purpose","url":"https:\/\/www.abenex.com\/","logo":{"@type":"ImageObject","inLanguage":"fr-FR","@id":"https:\/\/www.abenex.com\/#\/schema\/logo\/image\/","url":"https:\/\/www.abenex.com\/wp-content\/uploads\/2023\/05\/FULL-LOGO-NOIR-BLEU-1.svg","contentUrl":"https:\/\/www.abenex.com\/wp-content\/uploads\/2023\/05\/FULL-LOGO-NOIR-BLEU-1.svg","width":166,"height":34,"caption":"Abenex - Investing with purpose"},"image":{"@id":"https:\/\/www.abenex.com\/#\/schema\/logo\/image\/"}}]}},"_links":{"self":[{"href":"https:\/\/www.abenex.com\/fr\/wp-json\/wp\/v2\/actifs\/14525","targetHints":{"allow":["GET"]}}],"collection":[{"href":"https:\/\/www.abenex.com\/fr\/wp-json\/wp\/v2\/actifs"}],"about":[{"href":"https:\/\/www.abenex.com\/fr\/wp-json\/wp\/v2\/types\/actifs"}],"wp:featuredmedia":[{"embeddable":true,"href":"https:\/\/www.abenex.com\/fr\/wp-json\/wp\/v2\/media\/14526"}],"wp:attachment":[{"href":"https:\/\/www.abenex.com\/fr\/wp-json\/wp\/v2\/media?parent=14525"}],"wp:term":[{"taxonomy":"post_tag","embeddable":true,"href":"https:\/\/www.abenex.com\/fr\/wp-json\/wp\/v2\/tags?post=14525"},{"taxonomy":"actif-strategy","embeddable":true,"href":"https:\/\/www.abenex.com\/fr\/wp-json\/wp\/v2\/actif-strategy?post=14525"},{"taxonomy":"actif-statut","embeddable":true,"href":"https:\/\/www.abenex.com\/fr\/wp-json\/wp\/v2\/actif-statut?post=14525"}],"curies":[{"name":"wp","href":"https:\/\/api.w.org\/{rel}","templated":true}]}}

<p data-start="81" data-end="328">Actif situé au 84 rue Charles Laffitte à Neuilly-sur-Seine.  Cet ensemble immobilier résidentiel de style Art Déco, construit en 1936, développe plus de 2 800 m² répartis sur six niveaux. L&rsquo;actif bénéficie d&rsquo;une excellente desserte en transports en commun grâce à sa proximité immédiate avec la ligne de métro 1.  Construit en 1936, il fera l’objet d’un programme de repositionnement pour répondre à la forte demande de logements familiaux</p>

<!-- This site is optimized with the Yoast SEO plugin v27.1.1 - https://yoast.com/product/yoast-seo-wordpress/ -->
<title>84 Charles Laffitte | Abenex</title>
<meta name="robots" content="index, follow, max-snippet:-1, max-image-preview:large, max-video-preview:-1" />
<link rel="canonical" href="https://www.abenex.com/fr/actifs/84-charles-lafitte/" />
<meta property="og:locale" content="fr_FR" />
<meta property="og:type" content="article" />
<meta property="og:title" content="84 Charles Laffitte | Abenex" />
<meta property="og:description" content="Actif situé au 84 rue Charles Laffitte à Neuilly-sur-Seine.  Cet ensemble immobilier résidentiel de style Art Déco, construit en 1936, développe plus de 2 800 m² répartis sur six niveaux. L&rsquo;actif bénéficie d&rsquo;une excellente desserte en transports en commun grâce à sa proximité immédiate avec la ligne de métro 1.  Construit en 1936, il fera [&hellip;]" />
<meta property="og:url" content="https://www.abenex.com/fr/actifs/84-charles-lafitte/" />
<meta property="og:site_name" content="Abenex" />
<meta property="article:modified_time" content="2025-07-23T15:43:48+00:00" />
<meta property="og:image" content="https://www.abenex.com/wp-content/uploads/2025/07/Abenex-REIM-Neuilly-2-scaled.jpg" />
	<meta property="og:image:width" content="2560" />
	<meta property="og:image:height" content="1431" />
	<meta property="og:image:type" content="image/jpeg" />
<meta name="twitter:card" content="summary_large_image" />
<meta name="twitter:label1" content="Durée de lecture estimée" />
	<meta name="twitter:data1" content="1 minute" />
<script type="application/ld+json" class="yoast-schema-graph">{"@context":"https://schema.org","@graph":[{"@type":"WebPage","@id":"https://www.abenex.com/fr/actifs/84-charles-lafitte/","url":"https://www.abenex.com/fr/actifs/84-charles-lafitte/","name":"84 Charles Laffitte | Abenex","isPartOf":{"@id":"https://www.abenex.com/#website"},"primaryImageOfPage":{"@id":"https://www.abenex.com/fr/actifs/84-charles-lafitte/#primaryimage"},"image":{"@id":"https://www.abenex.com/fr/actifs/84-charles-lafitte/#primaryimage"},"thumbnailUrl":"https://www.abenex.com/wp-content/uploads/2025/07/Abenex-REIM-Neuilly-2-scaled.jpg","datePublished":"2025-07-17T08:47:31+00:00","dateModified":"2025-07-23T15:43:48+00:00","breadcrumb":{"@id":"https://www.abenex.com/fr/actifs/84-charles-lafitte/#breadcrumb"},"inLanguage":"fr-FR","potentialAction":[{"@type":"ReadAction","target":["https://www.abenex.com/fr/actifs/84-charles-lafitte/"]}]},{"@type":"ImageObject","inLanguage":"fr-FR","@id":"https://www.abenex.com/fr/actifs/84-charles-lafitte/#primaryimage","url":"https://www.abenex.com/wp-content/uploads/2025/07/Abenex-REIM-Neuilly-2-scaled.jpg","contentUrl":"https://www.abenex.com/wp-content/uploads/2025/07/Abenex-REIM-Neuilly-2-scaled.jpg","width":2560,"height":1431,"caption":"Abenex REIM - Neuilly"},{"@type":"BreadcrumbList","@id":"https://www.abenex.com/fr/actifs/84-charles-lafitte/#breadcrumb","itemListElement":[{"@type":"ListItem","position":1,"name":"Accueil","item":"https://www.abenex.com/fr/"},{"@type":"ListItem","position":2,"name":"84 Charles Laffitte"}]},{"@type":"WebSite","@id":"https://www.abenex.com/#website","url":"https://www.abenex.com/","name":"Abenex - Investing with purpose","description":"Investing with purpose","publisher":{"@id":"https://www.abenex.com/#organization"},"potentialAction":[{"@type":"SearchAction","target":{"@type":"EntryPoint","urlTemplate":"https://www.abenex.com/?s={search_term_string}"},"query-input":{"@type":"PropertyValueSpecification","valueRequired":true,"valueName":"search_term_string"}}],"inLanguage":"fr-FR"},{"@type":"Organization","@id":"https://www.abenex.com/#organization","name":"Abenex - Investing with purpose","url":"https://www.abenex.com/","logo":{"@type":"ImageObject","inLanguage":"fr-FR","@id":"https://www.abenex.com/#/schema/logo/image/","url":"https://www.abenex.com/wp-content/uploads/2023/05/FULL-LOGO-NOIR-BLEU-1.svg","contentUrl":"https://www.abenex.com/wp-content/uploads/2023/05/FULL-LOGO-NOIR-BLEU-1.svg","width":166,"height":34,"caption":"Abenex - Investing with purpose"},"image":{"@id":"https://www.abenex.com/#/schema/logo/image/"}}]}</script>
<!-- / Yoast SEO plugin. -->

Actif situé au 84 rue Charles Laffitte à Neuilly-sur-Seine.  Cet ensemble immobilier résidentiel de style Art Déco, construit en 1936, développe plus de 2 800 m² répartis sur six niveaux. L&rsquo;actif bénéficie d&rsquo;une excellente desserte en transports en commun grâce à sa proximité immédiate avec la ligne de métro 1.  Construit en 1936, il fera [&hellip;]
