    
{"id":15246,"date":"2026-02-19T15:47:03","date_gmt":"2026-02-19T14:47:03","guid":{"rendered":"https:\/\/www.abenex.com\/?post_type=team&#038;p=15246"},"modified":"2026-02-19T15:47:03","modified_gmt":"2026-02-19T14:47:03","slug":"lana-szymoniak","status":"publish","type":"team","link":"https:\/\/www.abenex.com\/fr\/team\/lana-szymoniak\/","title":{"rendered":"Lana Szymoniak"},"content":{"rendered":"<p>Lana est Analyste Sustainability au sein de l\u2019\u00e9quipe Op\u00e9rationnelle d\u2019Abenex. Elle contribue \u00e0 l\u2019int\u00e9gration et au suivi des enjeux ESG des participations. Originaire de Bretagne, Lana s\u2019est sp\u00e9cialis\u00e9e en finance durable au cours de son parcours acad\u00e9mique et professionnel. Elle a acquis une premi\u00e8re exp\u00e9rience en tant qu\u2019Analyste Conformit\u00e9 ESG chez Soci\u00e9t\u00e9 G\u00e9n\u00e9rale, o\u00f9 elle a travaill\u00e9 sur des sujets r\u00e9glementaires li\u00e9s \u00e0 la durabilit\u00e9. Elle est dipl\u00f4m\u00e9e du Master Sustainable Finance &amp; Fintech de SKEMA Business School.<\/p>\n<p>&nbsp;<\/p>\n<p>\u00ab Rejoindre Abenex repr\u00e9sente pour moi l\u2019opportunit\u00e9 de contribuer concr\u00e8tement \u00e0 la transformation durable des entreprises, en int\u00e9grant l\u2019ESG au c\u0153ur de la strat\u00e9gie d\u2019investissement et de cr\u00e9ation de valeur. \u00bb<\/p>\n","protected":false},"featured_media":15252,"template":"","meta":[],"tags":[],"team-tag":[272],"bureau":[64],"grade":[70],"class_list":["post-15246","team","type-team","status-publish","has-post-thumbnail","hentry","team-tag-op-team-fr","bureau-paris","grade-collaborateur"],"acf":[],"yoast_head":"<!-- This site is optimized with the Yoast SEO plugin v27.1.1 - https:\/\/yoast.com\/product\/yoast-seo-wordpress\/ -->\n<title>Lana Szymoniak | Abenex<\/title>\n<meta name=\"description\" content=\"Lana est Analyste Sustainability chez Abenex. Dipl\u00f4m\u00e9e de SKEMA, elle contribue \u00e0 l\u2019int\u00e9gration et au suivi des enjeux ESG au sein du portefeuille.\" \/>\n<meta name=\"robots\" content=\"index, follow, max-snippet:-1, max-image-preview:large, max-video-preview:-1\" \/>\n<link rel=\"canonical\" href=\"https:\/\/www.abenex.com\/fr\/team\/lana-szymoniak\/\" \/>\n<meta property=\"og:locale\" content=\"fr_FR\" \/>\n<meta property=\"og:type\" content=\"article\" \/>\n<meta property=\"og:title\" content=\"Lana Szymoniak | Abenex\" \/>\n<meta property=\"og:description\" content=\"Lana est Analyste Sustainability chez Abenex. Dipl\u00f4m\u00e9e de SKEMA, elle contribue \u00e0 l\u2019int\u00e9gration et au suivi des enjeux ESG au sein du portefeuille.\" \/>\n<meta property=\"og:url\" content=\"https:\/\/www.abenex.com\/fr\/team\/lana-szymoniak\/\" \/>\n<meta property=\"og:site_name\" content=\"Abenex\" \/>\n<meta property=\"og:image\" content=\"https:\/\/www.abenex.com\/wp-content\/uploads\/2026\/02\/Lana01-scaled.jpg\" \/>\n\t<meta property=\"og:image:width\" content=\"1707\" \/>\n\t<meta property=\"og:image:height\" content=\"2560\" \/>\n\t<meta property=\"og:image:type\" content=\"image\/jpeg\" \/>\n<meta name=\"twitter:card\" content=\"summary_large_image\" \/>\n<meta name=\"twitter:label1\" content=\"Dur\u00e9e de lecture estim\u00e9e\" \/>\n\t<meta name=\"twitter:data1\" content=\"1 minute\" \/>\n<script type=\"application\/ld+json\" class=\"yoast-schema-graph\">{\"@context\":\"https:\/\/schema.org\",\"@graph\":[{\"@type\":[\"WebPage\",\"ProfilePage\"],\"@id\":\"https:\/\/www.abenex.com\/fr\/team\/lana-szymoniak\/\",\"url\":\"https:\/\/www.abenex.com\/fr\/team\/lana-szymoniak\/\",\"name\":\"Lana Szymoniak | Abenex\",\"isPartOf\":{\"@id\":\"https:\/\/www.abenex.com\/#website\"},\"primaryImageOfPage\":{\"@id\":\"https:\/\/www.abenex.com\/fr\/team\/lana-szymoniak\/#primaryimage\"},\"image\":{\"@id\":\"https:\/\/www.abenex.com\/fr\/team\/lana-szymoniak\/#primaryimage\"},\"thumbnailUrl\":\"https:\/\/www.abenex.com\/wp-content\/uploads\/2026\/02\/Lana01-scaled.jpg\",\"datePublished\":\"2026-02-19T14:47:03+00:00\",\"description\":\"Lana est Analyste Sustainability chez Abenex. Dipl\u00f4m\u00e9e de SKEMA, elle contribue \u00e0 l\u2019int\u00e9gration et au suivi des enjeux ESG au sein du portefeuille.\",\"breadcrumb\":{\"@id\":\"https:\/\/www.abenex.com\/fr\/team\/lana-szymoniak\/#breadcrumb\"},\"inLanguage\":\"fr-FR\",\"potentialAction\":[{\"@type\":\"ReadAction\",\"target\":[\"https:\/\/www.abenex.com\/fr\/team\/lana-szymoniak\/\"]}]},{\"@type\":\"ImageObject\",\"inLanguage\":\"fr-FR\",\"@id\":\"https:\/\/www.abenex.com\/fr\/team\/lana-szymoniak\/#primaryimage\",\"url\":\"https:\/\/www.abenex.com\/wp-content\/uploads\/2026\/02\/Lana01-scaled.jpg\",\"contentUrl\":\"https:\/\/www.abenex.com\/wp-content\/uploads\/2026\/02\/Lana01-scaled.jpg\",\"width\":1707,\"height\":2560,\"caption\":\"Lana Szymoniak\"},{\"@type\":\"BreadcrumbList\",\"@id\":\"https:\/\/www.abenex.com\/fr\/team\/lana-szymoniak\/#breadcrumb\",\"itemListElement\":[{\"@type\":\"ListItem\",\"position\":1,\"name\":\"Accueil\",\"item\":\"https:\/\/www.abenex.com\/fr\/\"},{\"@type\":\"ListItem\",\"position\":2,\"name\":\"Lana Szymoniak\"}]},{\"@type\":\"WebSite\",\"@id\":\"https:\/\/www.abenex.com\/#website\",\"url\":\"https:\/\/www.abenex.com\/\",\"name\":\"Abenex - Investing with purpose\",\"description\":\"Investing with purpose\",\"publisher\":{\"@id\":\"https:\/\/www.abenex.com\/#organization\"},\"potentialAction\":[{\"@type\":\"SearchAction\",\"target\":{\"@type\":\"EntryPoint\",\"urlTemplate\":\"https:\/\/www.abenex.com\/?s={search_term_string}\"},\"query-input\":{\"@type\":\"PropertyValueSpecification\",\"valueRequired\":true,\"valueName\":\"search_term_string\"}}],\"inLanguage\":\"fr-FR\"},{\"@type\":\"Organization\",\"@id\":\"https:\/\/www.abenex.com\/#organization\",\"name\":\"Abenex - Investing with purpose\",\"url\":\"https:\/\/www.abenex.com\/\",\"logo\":{\"@type\":\"ImageObject\",\"inLanguage\":\"fr-FR\",\"@id\":\"https:\/\/www.abenex.com\/#\/schema\/logo\/image\/\",\"url\":\"https:\/\/www.abenex.com\/wp-content\/uploads\/2023\/05\/FULL-LOGO-NOIR-BLEU-1.svg\",\"contentUrl\":\"https:\/\/www.abenex.com\/wp-content\/uploads\/2023\/05\/FULL-LOGO-NOIR-BLEU-1.svg\",\"width\":166,\"height\":34,\"caption\":\"Abenex - Investing with purpose\"},\"image\":{\"@id\":\"https:\/\/www.abenex.com\/#\/schema\/logo\/image\/\"},\"mainEntityOfPage\":{\"@id\":\"https:\/\/www.abenex.com\/fr\/team\/lana-szymoniak\/\"}}]}<\/script>\n<!-- \/ Yoast SEO plugin. -->","yoast_head_json":{"title":"Lana Szymoniak | Abenex","description":"Lana est Analyste Sustainability chez Abenex. Dipl\u00f4m\u00e9e de SKEMA, elle contribue \u00e0 l\u2019int\u00e9gration et au suivi des enjeux ESG au sein du portefeuille.","robots":{"index":"index","follow":"follow","max-snippet":"max-snippet:-1","max-image-preview":"max-image-preview:large","max-video-preview":"max-video-preview:-1"},"canonical":"https:\/\/www.abenex.com\/fr\/team\/lana-szymoniak\/","og_locale":"fr_FR","og_type":"article","og_title":"Lana Szymoniak | Abenex","og_description":"Lana est Analyste Sustainability chez Abenex. Dipl\u00f4m\u00e9e de SKEMA, elle contribue \u00e0 l\u2019int\u00e9gration et au suivi des enjeux ESG au sein du portefeuille.","og_url":"https:\/\/www.abenex.com\/fr\/team\/lana-szymoniak\/","og_site_name":"Abenex","og_image":[{"width":1707,"height":2560,"url":"https:\/\/www.abenex.com\/wp-content\/uploads\/2026\/02\/Lana01-scaled.jpg","type":"image\/jpeg"}],"twitter_card":"summary_large_image","twitter_misc":{"Dur\u00e9e de lecture estim\u00e9e":"1 minute"},"schema":{"@context":"https:\/\/schema.org","@graph":[{"@type":["WebPage","ProfilePage"],"@id":"https:\/\/www.abenex.com\/fr\/team\/lana-szymoniak\/","url":"https:\/\/www.abenex.com\/fr\/team\/lana-szymoniak\/","name":"Lana Szymoniak | Abenex","isPartOf":{"@id":"https:\/\/www.abenex.com\/#website"},"primaryImageOfPage":{"@id":"https:\/\/www.abenex.com\/fr\/team\/lana-szymoniak\/#primaryimage"},"image":{"@id":"https:\/\/www.abenex.com\/fr\/team\/lana-szymoniak\/#primaryimage"},"thumbnailUrl":"https:\/\/www.abenex.com\/wp-content\/uploads\/2026\/02\/Lana01-scaled.jpg","datePublished":"2026-02-19T14:47:03+00:00","description":"Lana est Analyste Sustainability chez Abenex. Dipl\u00f4m\u00e9e de SKEMA, elle contribue \u00e0 l\u2019int\u00e9gration et au suivi des enjeux ESG au sein du portefeuille.","breadcrumb":{"@id":"https:\/\/www.abenex.com\/fr\/team\/lana-szymoniak\/#breadcrumb"},"inLanguage":"fr-FR","potentialAction":[{"@type":"ReadAction","target":["https:\/\/www.abenex.com\/fr\/team\/lana-szymoniak\/"]}]},{"@type":"ImageObject","inLanguage":"fr-FR","@id":"https:\/\/www.abenex.com\/fr\/team\/lana-szymoniak\/#primaryimage","url":"https:\/\/www.abenex.com\/wp-content\/uploads\/2026\/02\/Lana01-scaled.jpg","contentUrl":"https:\/\/www.abenex.com\/wp-content\/uploads\/2026\/02\/Lana01-scaled.jpg","width":1707,"height":2560,"caption":"Lana Szymoniak"},{"@type":"BreadcrumbList","@id":"https:\/\/www.abenex.com\/fr\/team\/lana-szymoniak\/#breadcrumb","itemListElement":[{"@type":"ListItem","position":1,"name":"Accueil","item":"https:\/\/www.abenex.com\/fr\/"},{"@type":"ListItem","position":2,"name":"Lana Szymoniak"}]},{"@type":"WebSite","@id":"https:\/\/www.abenex.com\/#website","url":"https:\/\/www.abenex.com\/","name":"Abenex - Investing with purpose","description":"Investing with purpose","publisher":{"@id":"https:\/\/www.abenex.com\/#organization"},"potentialAction":[{"@type":"SearchAction","target":{"@type":"EntryPoint","urlTemplate":"https:\/\/www.abenex.com\/?s={search_term_string}"},"query-input":{"@type":"PropertyValueSpecification","valueRequired":true,"valueName":"search_term_string"}}],"inLanguage":"fr-FR"},{"@type":"Organization","@id":"https:\/\/www.abenex.com\/#organization","name":"Abenex - Investing with purpose","url":"https:\/\/www.abenex.com\/","logo":{"@type":"ImageObject","inLanguage":"fr-FR","@id":"https:\/\/www.abenex.com\/#\/schema\/logo\/image\/","url":"https:\/\/www.abenex.com\/wp-content\/uploads\/2023\/05\/FULL-LOGO-NOIR-BLEU-1.svg","contentUrl":"https:\/\/www.abenex.com\/wp-content\/uploads\/2023\/05\/FULL-LOGO-NOIR-BLEU-1.svg","width":166,"height":34,"caption":"Abenex - Investing with purpose"},"image":{"@id":"https:\/\/www.abenex.com\/#\/schema\/logo\/image\/"},"mainEntityOfPage":{"@id":"https:\/\/www.abenex.com\/fr\/team\/lana-szymoniak\/"}}]}},"_links":{"self":[{"href":"https:\/\/www.abenex.com\/fr\/wp-json\/wp\/v2\/team\/15246","targetHints":{"allow":["GET"]}}],"collection":[{"href":"https:\/\/www.abenex.com\/fr\/wp-json\/wp\/v2\/team"}],"about":[{"href":"https:\/\/www.abenex.com\/fr\/wp-json\/wp\/v2\/types\/team"}],"wp:featuredmedia":[{"embeddable":true,"href":"https:\/\/www.abenex.com\/fr\/wp-json\/wp\/v2\/media\/15252"}],"wp:attachment":[{"href":"https:\/\/www.abenex.com\/fr\/wp-json\/wp\/v2\/media?parent=15246"}],"wp:term":[{"taxonomy":"post_tag","embeddable":true,"href":"https:\/\/www.abenex.com\/fr\/wp-json\/wp\/v2\/tags?post=15246"},{"taxonomy":"team-tag","embeddable":true,"href":"https:\/\/www.abenex.com\/fr\/wp-json\/wp\/v2\/team-tag?post=15246"},{"taxonomy":"bureau","embeddable":true,"href":"https:\/\/www.abenex.com\/fr\/wp-json\/wp\/v2\/bureau?post=15246"},{"taxonomy":"grade","embeddable":true,"href":"https:\/\/www.abenex.com\/fr\/wp-json\/wp\/v2\/grade?post=15246"}],"curies":[{"name":"wp","href":"https:\/\/api.w.org\/{rel}","templated":true}]}}

<p>Lana est Analyste Sustainability au sein de l’équipe Opérationnelle d’Abenex. Elle contribue à l’intégration et au suivi des enjeux ESG des participations. Originaire de Bretagne, Lana s’est spécialisée en finance durable au cours de son parcours académique et professionnel. Elle a acquis une première expérience en tant qu’Analyste Conformité ESG chez Société Générale, où elle a travaillé sur des sujets réglementaires liés à la durabilité. Elle est diplômée du Master Sustainable Finance &amp; Fintech de SKEMA Business School.</p>
<p>&nbsp;</p>
<p>« Rejoindre Abenex représente pour moi l’opportunité de contribuer concrètement à la transformation durable des entreprises, en intégrant l’ESG au cœur de la stratégie d’investissement et de création de valeur. »</p>

<!-- This site is optimized with the Yoast SEO plugin v27.1.1 - https://yoast.com/product/yoast-seo-wordpress/ -->
<title>Lana Szymoniak | Abenex</title>
<meta name="description" content="Lana est Analyste Sustainability chez Abenex. Diplômée de SKEMA, elle contribue à l’intégration et au suivi des enjeux ESG au sein du portefeuille." />
<meta name="robots" content="index, follow, max-snippet:-1, max-image-preview:large, max-video-preview:-1" />
<link rel="canonical" href="https://www.abenex.com/fr/team/lana-szymoniak/" />
<meta property="og:locale" content="fr_FR" />
<meta property="og:type" content="article" />
<meta property="og:title" content="Lana Szymoniak | Abenex" />
<meta property="og:description" content="Lana est Analyste Sustainability chez Abenex. Diplômée de SKEMA, elle contribue à l’intégration et au suivi des enjeux ESG au sein du portefeuille." />
<meta property="og:url" content="https://www.abenex.com/fr/team/lana-szymoniak/" />
<meta property="og:site_name" content="Abenex" />
<meta property="og:image" content="https://www.abenex.com/wp-content/uploads/2026/02/Lana01-scaled.jpg" />
	<meta property="og:image:width" content="1707" />
	<meta property="og:image:height" content="2560" />
	<meta property="og:image:type" content="image/jpeg" />
<meta name="twitter:card" content="summary_large_image" />
<meta name="twitter:label1" content="Durée de lecture estimée" />
	<meta name="twitter:data1" content="1 minute" />
<script type="application/ld+json" class="yoast-schema-graph">{"@context":"https://schema.org","@graph":[{"@type":["WebPage","ProfilePage"],"@id":"https://www.abenex.com/fr/team/lana-szymoniak/","url":"https://www.abenex.com/fr/team/lana-szymoniak/","name":"Lana Szymoniak | Abenex","isPartOf":{"@id":"https://www.abenex.com/#website"},"primaryImageOfPage":{"@id":"https://www.abenex.com/fr/team/lana-szymoniak/#primaryimage"},"image":{"@id":"https://www.abenex.com/fr/team/lana-szymoniak/#primaryimage"},"thumbnailUrl":"https://www.abenex.com/wp-content/uploads/2026/02/Lana01-scaled.jpg","datePublished":"2026-02-19T14:47:03+00:00","description":"Lana est Analyste Sustainability chez Abenex. Diplômée de SKEMA, elle contribue à l’intégration et au suivi des enjeux ESG au sein du portefeuille.","breadcrumb":{"@id":"https://www.abenex.com/fr/team/lana-szymoniak/#breadcrumb"},"inLanguage":"fr-FR","potentialAction":[{"@type":"ReadAction","target":["https://www.abenex.com/fr/team/lana-szymoniak/"]}]},{"@type":"ImageObject","inLanguage":"fr-FR","@id":"https://www.abenex.com/fr/team/lana-szymoniak/#primaryimage","url":"https://www.abenex.com/wp-content/uploads/2026/02/Lana01-scaled.jpg","contentUrl":"https://www.abenex.com/wp-content/uploads/2026/02/Lana01-scaled.jpg","width":1707,"height":2560,"caption":"Lana Szymoniak"},{"@type":"BreadcrumbList","@id":"https://www.abenex.com/fr/team/lana-szymoniak/#breadcrumb","itemListElement":[{"@type":"ListItem","position":1,"name":"Accueil","item":"https://www.abenex.com/fr/"},{"@type":"ListItem","position":2,"name":"Lana Szymoniak"}]},{"@type":"WebSite","@id":"https://www.abenex.com/#website","url":"https://www.abenex.com/","name":"Abenex - Investing with purpose","description":"Investing with purpose","publisher":{"@id":"https://www.abenex.com/#organization"},"potentialAction":[{"@type":"SearchAction","target":{"@type":"EntryPoint","urlTemplate":"https://www.abenex.com/?s={search_term_string}"},"query-input":{"@type":"PropertyValueSpecification","valueRequired":true,"valueName":"search_term_string"}}],"inLanguage":"fr-FR"},{"@type":"Organization","@id":"https://www.abenex.com/#organization","name":"Abenex - Investing with purpose","url":"https://www.abenex.com/","logo":{"@type":"ImageObject","inLanguage":"fr-FR","@id":"https://www.abenex.com/#/schema/logo/image/","url":"https://www.abenex.com/wp-content/uploads/2023/05/FULL-LOGO-NOIR-BLEU-1.svg","contentUrl":"https://www.abenex.com/wp-content/uploads/2023/05/FULL-LOGO-NOIR-BLEU-1.svg","width":166,"height":34,"caption":"Abenex - Investing with purpose"},"image":{"@id":"https://www.abenex.com/#/schema/logo/image/"},"mainEntityOfPage":{"@id":"https://www.abenex.com/fr/team/lana-szymoniak/"}}]}</script>
<!-- / Yoast SEO plugin. -->

Lana est Analyste Sustainability chez Abenex. Diplômée de SKEMA, elle contribue à l’intégration et au suivi des enjeux ESG au sein du portefeuille.
