    
{"id":3798,"date":"2018-01-29T09:47:21","date_gmt":"2018-01-29T08:47:21","guid":{"rendered":"https:\/\/www.abenex.com\/team\/patrice-verrier\/"},"modified":"2023-09-20T18:38:55","modified_gmt":"2023-09-20T16:38:55","slug":"patrice-verrier","status":"publish","type":"team","link":"https:\/\/www.abenex.com\/fr\/team\/patrice-verrier\/","title":{"rendered":"Patrice Verrier"},"content":{"rendered":"<p>Patrice est Associ\u00e9-G\u00e9rant chez Abenex. Il est l\u2019un des fondateurs d\u2019Abenex ayant particip\u00e9 au rachat avec effet de levier de la soci\u00e9t\u00e9 aupr\u00e8s de la banque ABN AMRO.<\/p>\n<p>Patrice est d\u2019origine canadienne. Il a d\u00e9but\u00e9 sa carri\u00e8re au Qu\u00e9bec en tant que comptable agr\u00e9\u00e9 (mission d\u2019audit et de conseil en fiscalit\u00e9) avant d\u2019effectuer des missions de conseil aux PMEs. Il quitte le Canada en 1993 pour effectuer des \u00e9tudes aux Pays-Bas et aux Etats-Unis, puis rejoint la banque ABN AMRO \u00e0 Amsterdam o\u00f9 il participe \u00e0 la cr\u00e9ation d\u2019un r\u00e9seau mondial de private equity.\u00a0 En 1998, il int\u00e8gre l\u2019\u00e9quipe fran\u00e7aise de capital investissement afin d\u2019y d\u00e9velopper la lev\u00e9e de fonds aupr\u00e8s d\u2019institutionnels et de familles non-rattach\u00e9s \u00e0 ABN AMRO. Il participe activement au comit\u00e9 d\u2019investissement europ\u00e9en de la banque jusqu\u2019\u00e0 la prise d\u2019ind\u00e9pendance d\u2019Abenex en 2008.<\/p>\n<p>\u00ab Chez Abenex, nous nous attachons \u00e0 comprendre l&rsquo;activit\u00e9 op\u00e9rationnelle de nos soci\u00e9t\u00e9s et \u00e0 participer \u00e0 la\u00a0valorisation de leurs r\u00e9sultats. \u00bb<\/p>\n","protected":false},"featured_media":3898,"template":"","meta":[],"tags":[],"team-tag":[284,280,262,258],"bureau":[64],"grade":[68],"class_list":["post-3798","team","type-team","status-publish","has-post-thumbnail","hentry","team-tag-gouvernance-fra","team-tag-mid-cap-fra","team-tag-small-cap-fra","team-tag-comite-durabilite-french","bureau-paris","grade-associe"],"acf":[],"yoast_head":"<!-- This site is optimized with the Yoast SEO plugin v27.1.1 - https:\/\/yoast.com\/product\/yoast-seo-wordpress\/ -->\n<title>Patrice Verrier | Abenex<\/title>\n<meta name=\"robots\" content=\"index, follow, max-snippet:-1, max-image-preview:large, max-video-preview:-1\" \/>\n<link rel=\"canonical\" href=\"https:\/\/www.abenex.com\/fr\/team\/patrice-verrier\/\" \/>\n<meta property=\"og:locale\" content=\"fr_FR\" \/>\n<meta property=\"og:type\" content=\"article\" \/>\n<meta property=\"og:title\" content=\"Patrice Verrier | Abenex\" \/>\n<meta property=\"og:description\" content=\"Patrice est Associ\u00e9-G\u00e9rant chez Abenex. Il est l\u2019un des fondateurs d\u2019Abenex ayant particip\u00e9 au rachat avec effet de levier de la soci\u00e9t\u00e9 aupr\u00e8s de la banque ABN AMRO. Patrice est d\u2019origine canadienne. Il a d\u00e9but\u00e9 sa carri\u00e8re au Qu\u00e9bec en tant que comptable agr\u00e9\u00e9 (mission d\u2019audit et de conseil en fiscalit\u00e9) avant d\u2019effectuer des missions [&hellip;]\" \/>\n<meta property=\"og:url\" content=\"https:\/\/www.abenex.com\/fr\/team\/patrice-verrier\/\" \/>\n<meta property=\"og:site_name\" content=\"Abenex\" \/>\n<meta property=\"article:modified_time\" content=\"2023-09-20T16:38:55+00:00\" \/>\n<meta property=\"og:image\" content=\"https:\/\/www.abenex.com\/wp-content\/uploads\/2022\/09\/021Patrice.jpg\" \/>\n\t<meta property=\"og:image:width\" content=\"800\" \/>\n\t<meta property=\"og:image:height\" content=\"944\" \/>\n\t<meta property=\"og:image:type\" content=\"image\/jpeg\" \/>\n<meta name=\"twitter:card\" content=\"summary_large_image\" \/>\n<meta name=\"twitter:label1\" content=\"Dur\u00e9e de lecture estim\u00e9e\" \/>\n\t<meta name=\"twitter:data1\" content=\"1 minute\" \/>\n<script type=\"application\/ld+json\" class=\"yoast-schema-graph\">{\"@context\":\"https:\/\/schema.org\",\"@graph\":[{\"@type\":[\"WebPage\",\"ProfilePage\"],\"@id\":\"https:\/\/www.abenex.com\/fr\/team\/patrice-verrier\/\",\"url\":\"https:\/\/www.abenex.com\/fr\/team\/patrice-verrier\/\",\"name\":\"Patrice Verrier | Abenex\",\"isPartOf\":{\"@id\":\"https:\/\/www.abenex.com\/#website\"},\"primaryImageOfPage\":{\"@id\":\"https:\/\/www.abenex.com\/fr\/team\/patrice-verrier\/#primaryimage\"},\"image\":{\"@id\":\"https:\/\/www.abenex.com\/fr\/team\/patrice-verrier\/#primaryimage\"},\"thumbnailUrl\":\"https:\/\/www.abenex.com\/wp-content\/uploads\/2022\/09\/021Patrice.jpg\",\"datePublished\":\"2018-01-29T08:47:21+00:00\",\"dateModified\":\"2023-09-20T16:38:55+00:00\",\"breadcrumb\":{\"@id\":\"https:\/\/www.abenex.com\/fr\/team\/patrice-verrier\/#breadcrumb\"},\"inLanguage\":\"fr-FR\",\"potentialAction\":[{\"@type\":\"ReadAction\",\"target\":[\"https:\/\/www.abenex.com\/fr\/team\/patrice-verrier\/\"]}]},{\"@type\":\"ImageObject\",\"inLanguage\":\"fr-FR\",\"@id\":\"https:\/\/www.abenex.com\/fr\/team\/patrice-verrier\/#primaryimage\",\"url\":\"https:\/\/www.abenex.com\/wp-content\/uploads\/2022\/09\/021Patrice.jpg\",\"contentUrl\":\"https:\/\/www.abenex.com\/wp-content\/uploads\/2022\/09\/021Patrice.jpg\",\"width\":800,\"height\":944},{\"@type\":\"BreadcrumbList\",\"@id\":\"https:\/\/www.abenex.com\/fr\/team\/patrice-verrier\/#breadcrumb\",\"itemListElement\":[{\"@type\":\"ListItem\",\"position\":1,\"name\":\"Accueil\",\"item\":\"https:\/\/www.abenex.com\/fr\/\"},{\"@type\":\"ListItem\",\"position\":2,\"name\":\"Patrice Verrier\"}]},{\"@type\":\"WebSite\",\"@id\":\"https:\/\/www.abenex.com\/#website\",\"url\":\"https:\/\/www.abenex.com\/\",\"name\":\"Abenex - Investing with purpose\",\"description\":\"Investing with purpose\",\"publisher\":{\"@id\":\"https:\/\/www.abenex.com\/#organization\"},\"potentialAction\":[{\"@type\":\"SearchAction\",\"target\":{\"@type\":\"EntryPoint\",\"urlTemplate\":\"https:\/\/www.abenex.com\/?s={search_term_string}\"},\"query-input\":{\"@type\":\"PropertyValueSpecification\",\"valueRequired\":true,\"valueName\":\"search_term_string\"}}],\"inLanguage\":\"fr-FR\"},{\"@type\":\"Organization\",\"@id\":\"https:\/\/www.abenex.com\/#organization\",\"name\":\"Abenex - Investing with purpose\",\"url\":\"https:\/\/www.abenex.com\/\",\"logo\":{\"@type\":\"ImageObject\",\"inLanguage\":\"fr-FR\",\"@id\":\"https:\/\/www.abenex.com\/#\/schema\/logo\/image\/\",\"url\":\"https:\/\/www.abenex.com\/wp-content\/uploads\/2023\/05\/FULL-LOGO-NOIR-BLEU-1.svg\",\"contentUrl\":\"https:\/\/www.abenex.com\/wp-content\/uploads\/2023\/05\/FULL-LOGO-NOIR-BLEU-1.svg\",\"width\":166,\"height\":34,\"caption\":\"Abenex - Investing with purpose\"},\"image\":{\"@id\":\"https:\/\/www.abenex.com\/#\/schema\/logo\/image\/\"},\"mainEntityOfPage\":{\"@id\":\"https:\/\/www.abenex.com\/fr\/team\/patrice-verrier\/\"}}]}<\/script>\n<!-- \/ Yoast SEO plugin. -->","yoast_head_json":{"title":"Patrice Verrier | Abenex","robots":{"index":"index","follow":"follow","max-snippet":"max-snippet:-1","max-image-preview":"max-image-preview:large","max-video-preview":"max-video-preview:-1"},"canonical":"https:\/\/www.abenex.com\/fr\/team\/patrice-verrier\/","og_locale":"fr_FR","og_type":"article","og_title":"Patrice Verrier | Abenex","og_description":"Patrice est Associ\u00e9-G\u00e9rant chez Abenex. Il est l\u2019un des fondateurs d\u2019Abenex ayant particip\u00e9 au rachat avec effet de levier de la soci\u00e9t\u00e9 aupr\u00e8s de la banque ABN AMRO. Patrice est d\u2019origine canadienne. Il a d\u00e9but\u00e9 sa carri\u00e8re au Qu\u00e9bec en tant que comptable agr\u00e9\u00e9 (mission d\u2019audit et de conseil en fiscalit\u00e9) avant d\u2019effectuer des missions [&hellip;]","og_url":"https:\/\/www.abenex.com\/fr\/team\/patrice-verrier\/","og_site_name":"Abenex","article_modified_time":"2023-09-20T16:38:55+00:00","og_image":[{"width":800,"height":944,"url":"https:\/\/www.abenex.com\/wp-content\/uploads\/2022\/09\/021Patrice.jpg","type":"image\/jpeg"}],"twitter_card":"summary_large_image","twitter_misc":{"Dur\u00e9e de lecture estim\u00e9e":"1 minute"},"schema":{"@context":"https:\/\/schema.org","@graph":[{"@type":["WebPage","ProfilePage"],"@id":"https:\/\/www.abenex.com\/fr\/team\/patrice-verrier\/","url":"https:\/\/www.abenex.com\/fr\/team\/patrice-verrier\/","name":"Patrice Verrier | Abenex","isPartOf":{"@id":"https:\/\/www.abenex.com\/#website"},"primaryImageOfPage":{"@id":"https:\/\/www.abenex.com\/fr\/team\/patrice-verrier\/#primaryimage"},"image":{"@id":"https:\/\/www.abenex.com\/fr\/team\/patrice-verrier\/#primaryimage"},"thumbnailUrl":"https:\/\/www.abenex.com\/wp-content\/uploads\/2022\/09\/021Patrice.jpg","datePublished":"2018-01-29T08:47:21+00:00","dateModified":"2023-09-20T16:38:55+00:00","breadcrumb":{"@id":"https:\/\/www.abenex.com\/fr\/team\/patrice-verrier\/#breadcrumb"},"inLanguage":"fr-FR","potentialAction":[{"@type":"ReadAction","target":["https:\/\/www.abenex.com\/fr\/team\/patrice-verrier\/"]}]},{"@type":"ImageObject","inLanguage":"fr-FR","@id":"https:\/\/www.abenex.com\/fr\/team\/patrice-verrier\/#primaryimage","url":"https:\/\/www.abenex.com\/wp-content\/uploads\/2022\/09\/021Patrice.jpg","contentUrl":"https:\/\/www.abenex.com\/wp-content\/uploads\/2022\/09\/021Patrice.jpg","width":800,"height":944},{"@type":"BreadcrumbList","@id":"https:\/\/www.abenex.com\/fr\/team\/patrice-verrier\/#breadcrumb","itemListElement":[{"@type":"ListItem","position":1,"name":"Accueil","item":"https:\/\/www.abenex.com\/fr\/"},{"@type":"ListItem","position":2,"name":"Patrice Verrier"}]},{"@type":"WebSite","@id":"https:\/\/www.abenex.com\/#website","url":"https:\/\/www.abenex.com\/","name":"Abenex - Investing with purpose","description":"Investing with purpose","publisher":{"@id":"https:\/\/www.abenex.com\/#organization"},"potentialAction":[{"@type":"SearchAction","target":{"@type":"EntryPoint","urlTemplate":"https:\/\/www.abenex.com\/?s={search_term_string}"},"query-input":{"@type":"PropertyValueSpecification","valueRequired":true,"valueName":"search_term_string"}}],"inLanguage":"fr-FR"},{"@type":"Organization","@id":"https:\/\/www.abenex.com\/#organization","name":"Abenex - Investing with purpose","url":"https:\/\/www.abenex.com\/","logo":{"@type":"ImageObject","inLanguage":"fr-FR","@id":"https:\/\/www.abenex.com\/#\/schema\/logo\/image\/","url":"https:\/\/www.abenex.com\/wp-content\/uploads\/2023\/05\/FULL-LOGO-NOIR-BLEU-1.svg","contentUrl":"https:\/\/www.abenex.com\/wp-content\/uploads\/2023\/05\/FULL-LOGO-NOIR-BLEU-1.svg","width":166,"height":34,"caption":"Abenex - Investing with purpose"},"image":{"@id":"https:\/\/www.abenex.com\/#\/schema\/logo\/image\/"},"mainEntityOfPage":{"@id":"https:\/\/www.abenex.com\/fr\/team\/patrice-verrier\/"}}]}},"_links":{"self":[{"href":"https:\/\/www.abenex.com\/fr\/wp-json\/wp\/v2\/team\/3798","targetHints":{"allow":["GET"]}}],"collection":[{"href":"https:\/\/www.abenex.com\/fr\/wp-json\/wp\/v2\/team"}],"about":[{"href":"https:\/\/www.abenex.com\/fr\/wp-json\/wp\/v2\/types\/team"}],"wp:featuredmedia":[{"embeddable":true,"href":"https:\/\/www.abenex.com\/fr\/wp-json\/wp\/v2\/media\/3898"}],"wp:attachment":[{"href":"https:\/\/www.abenex.com\/fr\/wp-json\/wp\/v2\/media?parent=3798"}],"wp:term":[{"taxonomy":"post_tag","embeddable":true,"href":"https:\/\/www.abenex.com\/fr\/wp-json\/wp\/v2\/tags?post=3798"},{"taxonomy":"team-tag","embeddable":true,"href":"https:\/\/www.abenex.com\/fr\/wp-json\/wp\/v2\/team-tag?post=3798"},{"taxonomy":"bureau","embeddable":true,"href":"https:\/\/www.abenex.com\/fr\/wp-json\/wp\/v2\/bureau?post=3798"},{"taxonomy":"grade","embeddable":true,"href":"https:\/\/www.abenex.com\/fr\/wp-json\/wp\/v2\/grade?post=3798"}],"curies":[{"name":"wp","href":"https:\/\/api.w.org\/{rel}","templated":true}]}}

<p>Patrice est Associé-Gérant chez Abenex. Il est l’un des fondateurs d’Abenex ayant participé au rachat avec effet de levier de la société auprès de la banque ABN AMRO.</p>
<p>Patrice est d’origine canadienne. Il a débuté sa carrière au Québec en tant que comptable agréé (mission d’audit et de conseil en fiscalité) avant d’effectuer des missions de conseil aux PMEs. Il quitte le Canada en 1993 pour effectuer des études aux Pays-Bas et aux Etats-Unis, puis rejoint la banque ABN AMRO à Amsterdam où il participe à la création d’un réseau mondial de private equity.  En 1998, il intègre l’équipe française de capital investissement afin d’y développer la levée de fonds auprès d’institutionnels et de familles non-rattachés à ABN AMRO. Il participe activement au comité d’investissement européen de la banque jusqu’à la prise d’indépendance d’Abenex en 2008.</p>
<p>« Chez Abenex, nous nous attachons à comprendre l&rsquo;activité opérationnelle de nos sociétés et à participer à la valorisation de leurs résultats. »</p>

<!-- This site is optimized with the Yoast SEO plugin v27.1.1 - https://yoast.com/product/yoast-seo-wordpress/ -->
<title>Patrice Verrier | Abenex</title>
<meta name="robots" content="index, follow, max-snippet:-1, max-image-preview:large, max-video-preview:-1" />
<link rel="canonical" href="https://www.abenex.com/fr/team/patrice-verrier/" />
<meta property="og:locale" content="fr_FR" />
<meta property="og:type" content="article" />
<meta property="og:title" content="Patrice Verrier | Abenex" />
<meta property="og:description" content="Patrice est Associé-Gérant chez Abenex. Il est l’un des fondateurs d’Abenex ayant participé au rachat avec effet de levier de la société auprès de la banque ABN AMRO. Patrice est d’origine canadienne. Il a débuté sa carrière au Québec en tant que comptable agréé (mission d’audit et de conseil en fiscalité) avant d’effectuer des missions [&hellip;]" />
<meta property="og:url" content="https://www.abenex.com/fr/team/patrice-verrier/" />
<meta property="og:site_name" content="Abenex" />
<meta property="article:modified_time" content="2023-09-20T16:38:55+00:00" />
<meta property="og:image" content="https://www.abenex.com/wp-content/uploads/2022/09/021Patrice.jpg" />
	<meta property="og:image:width" content="800" />
	<meta property="og:image:height" content="944" />
	<meta property="og:image:type" content="image/jpeg" />
<meta name="twitter:card" content="summary_large_image" />
<meta name="twitter:label1" content="Durée de lecture estimée" />
	<meta name="twitter:data1" content="1 minute" />
<script type="application/ld+json" class="yoast-schema-graph">{"@context":"https://schema.org","@graph":[{"@type":["WebPage","ProfilePage"],"@id":"https://www.abenex.com/fr/team/patrice-verrier/","url":"https://www.abenex.com/fr/team/patrice-verrier/","name":"Patrice Verrier | Abenex","isPartOf":{"@id":"https://www.abenex.com/#website"},"primaryImageOfPage":{"@id":"https://www.abenex.com/fr/team/patrice-verrier/#primaryimage"},"image":{"@id":"https://www.abenex.com/fr/team/patrice-verrier/#primaryimage"},"thumbnailUrl":"https://www.abenex.com/wp-content/uploads/2022/09/021Patrice.jpg","datePublished":"2018-01-29T08:47:21+00:00","dateModified":"2023-09-20T16:38:55+00:00","breadcrumb":{"@id":"https://www.abenex.com/fr/team/patrice-verrier/#breadcrumb"},"inLanguage":"fr-FR","potentialAction":[{"@type":"ReadAction","target":["https://www.abenex.com/fr/team/patrice-verrier/"]}]},{"@type":"ImageObject","inLanguage":"fr-FR","@id":"https://www.abenex.com/fr/team/patrice-verrier/#primaryimage","url":"https://www.abenex.com/wp-content/uploads/2022/09/021Patrice.jpg","contentUrl":"https://www.abenex.com/wp-content/uploads/2022/09/021Patrice.jpg","width":800,"height":944},{"@type":"BreadcrumbList","@id":"https://www.abenex.com/fr/team/patrice-verrier/#breadcrumb","itemListElement":[{"@type":"ListItem","position":1,"name":"Accueil","item":"https://www.abenex.com/fr/"},{"@type":"ListItem","position":2,"name":"Patrice Verrier"}]},{"@type":"WebSite","@id":"https://www.abenex.com/#website","url":"https://www.abenex.com/","name":"Abenex - Investing with purpose","description":"Investing with purpose","publisher":{"@id":"https://www.abenex.com/#organization"},"potentialAction":[{"@type":"SearchAction","target":{"@type":"EntryPoint","urlTemplate":"https://www.abenex.com/?s={search_term_string}"},"query-input":{"@type":"PropertyValueSpecification","valueRequired":true,"valueName":"search_term_string"}}],"inLanguage":"fr-FR"},{"@type":"Organization","@id":"https://www.abenex.com/#organization","name":"Abenex - Investing with purpose","url":"https://www.abenex.com/","logo":{"@type":"ImageObject","inLanguage":"fr-FR","@id":"https://www.abenex.com/#/schema/logo/image/","url":"https://www.abenex.com/wp-content/uploads/2023/05/FULL-LOGO-NOIR-BLEU-1.svg","contentUrl":"https://www.abenex.com/wp-content/uploads/2023/05/FULL-LOGO-NOIR-BLEU-1.svg","width":166,"height":34,"caption":"Abenex - Investing with purpose"},"image":{"@id":"https://www.abenex.com/#/schema/logo/image/"},"mainEntityOfPage":{"@id":"https://www.abenex.com/fr/team/patrice-verrier/"}}]}</script>
<!-- / Yoast SEO plugin. -->

Patrice est Associé-Gérant chez Abenex. Il est l’un des fondateurs d’Abenex ayant participé au rachat avec effet de levier de la société auprès de la banque ABN AMRO. Patrice est d’origine canadienne. Il a débuté sa carrière au Québec en tant que comptable agréé (mission d’audit et de conseil en fiscalité) avant d’effectuer des missions [&hellip;]
